{"id":23,"date":"2018-12-26T15:21:15","date_gmt":"2018-12-26T15:21:15","guid":{"rendered":"http:\/\/lgv.simone-stockmar.de\/?page_id=23"},"modified":"2023-08-28T14:53:55","modified_gmt":"2023-08-28T12:53:55","slug":"service","status":"publish","type":"page","link":"https:\/\/lgviersen.de\/?page_id=23","title":{"rendered":"Service\/ Formulare"},"content":{"rendered":"\n<h3 class=\"wp-block-heading\" id=\"der-service-bereich-bietet-ihnen-die-moglichkeit-sich-mit-aktuellen-unterlagen-zu-versorgen\">Der Service-Bereich bietet Ihnen die M\u00f6glichkeit sich mit aktuellen Unterlagen zu versorgen.<\/h3>\n\n\n\n<h4 class=\"wp-block-heading\" id=\"anmeldeformulare-bei-fragen-wenden-sie-sich-bitte-per-mail-an-uschi-dahm\">Anmeldeformulare (bei Fragen wenden Sie sich bitte per <a href=\"mailto:beitragswesen@LG-Viersen.de\">Mail<\/a> an Uschi Dahm)<\/h4>\n\n\n\n<p><a href=\"https:\/\/lgviersen.de\/wp-content\/uploads\/2023\/08\/Aufnahmeantrag-aktiv-2022.pdf\" target=\"_blank\" rel=\"noreferrer noopener\">Anmeldung aktive Mitgliedschaft<\/a><\/p>\n\n\n\n<p><a href=\"https:\/\/lgviersen.de\/wp-content\/uploads\/2023\/08\/Aufnahmeantrag-passiv-2022.pdf\" data-type=\"link\" data-id=\"https:\/\/lgviersen.de\/wp-content\/uploads\/2023\/08\/Aufnahmeantrag-passiv-2022.pdf\" target=\"_blank\" rel=\"noreferrer noopener\">Anmeldung passive Mitgliedschaft<\/a><\/p>\n\n\n\n<p><a href=\"https:\/\/lgviersen.de\/wp-content\/uploads\/2023\/08\/Aufnahmeantrag-Kinaestetik-2023.pdf\" target=\"_blank\" rel=\"noreferrer noopener\">Anmeldung &#8222;Sport und Bewegung f\u00fcr Menschen mit Demenz&#8220;<\/a><\/p>\n\n\n\n<h4 class=\"wp-block-heading\" id=\"satzung\">Satzung<\/h4>\n\n\n\n<p><a href=\"http:\/\/lgviersen.de\/wp-content\/uploads\/2018\/12\/Satzung_-_Ordnungen_LGV_-_Version_2018-Kopie.pdf\">Satzung und Ordnung der LG 1947 Viersen e.V. <\/a><\/p>\n\n\n\n<h4 class=\"wp-block-heading\" id=\"sonstiges\"><strong>Sonstiges<\/strong><\/h4>\n\n\n\n<p><a href=\"http:\/\/lgviersen.de\/wp-content\/uploads\/2018\/12\/Haftungsausschluss-Kopie.pdf\">Haftungsausschluss Veranstaltung<\/a><\/p>\n\n\n\n<p><a href=\"http:\/\/lgviersen.de\/wp-content\/uploads\/2018\/12\/Veroeffentlichung_Bilder_-_Kinder-Kopie.pdf\">Ver\u00f6ffentlichung Bilder &#8211; Kinder<\/a><\/p>\n\n\n\n<p><a href=\"http:\/\/lgviersen.de\/wp-content\/uploads\/2018\/12\/Veroeffentlichung_Bilder_-_Erwachsene-Kopie.pdf\">Ver\u00f6ffentlichung Bilder &#8211; Erwachsene  <\/a><\/p>\n\n\n\n<p><a href=\"http:\/\/lgviersen.de\/wp-content\/uploads\/2018\/12\/Einverstaendniserklaerung_-_Haftungsbeschraenkung-Kopie.pdf\">Einverst\u00e4ndniserkl\u00e4rung und Haftungsbeschr\u00e4nkung Mitnahme im PKW<\/a><\/p>\n","protected":false},"excerpt":{"rendered":"<p>Der Service-Bereich bietet Ihnen die M\u00f6glichkeit sich mit aktuellen Unterlagen zu versorgen. Anmeldeformulare (bei Fragen wenden Sie sich bitte per Mail an Uschi Dahm) Anmeldung aktive Mitgliedschaft Anmeldung passive Mitgliedschaft Anmeldung &#8222;Sport und Bewegung f\u00fcr Menschen mit Demenz&#8220; Satzung Satzung und Ordnung der LG 1947 Viersen e.V. Sonstiges Haftungsausschluss Veranstaltung Ver\u00f6ffentlichung Bilder &#8211; Kinder Ver\u00f6ffentlichung Bilder &#8211; Erwachsene Einverst\u00e4ndniserkl\u00e4rung und Haftungsbeschr\u00e4nkung Mitnahme im PKW<\/p>\n","protected":false},"author":1,"featured_media":0,"parent":0,"menu_order":0,"comment_status":"closed","ping_status":"closed","template":"","meta":{"footnotes":""},"class_list":["post-23","page","type-page","status-publish","hentry"],"_links":{"self":[{"href":"https:\/\/lgviersen.de\/index.php?rest_route=\/wp\/v2\/pages\/23","targetHints":{"allow":["GET"]}}],"collection":[{"href":"https:\/\/lgviersen.de\/index.php?rest_route=\/wp\/v2\/pages"}],"about":[{"href":"https:\/\/lgviersen.de\/index.php?rest_route=\/wp\/v2\/types\/page"}],"author":[{"embeddable":true,"href":"https:\/\/lgviersen.de\/index.php?rest_route=\/wp\/v2\/users\/1"}],"replies":[{"embeddable":true,"href":"https:\/\/lgviersen.de\/index.php?rest_route=%2Fwp%2Fv2%2Fcomments&post=23"}],"version-history":[{"count":21,"href":"https:\/\/lgviersen.de\/index.php?rest_route=\/wp\/v2\/pages\/23\/revisions"}],"predecessor-version":[{"id":10756,"href":"https:\/\/lgviersen.de\/index.php?rest_route=\/wp\/v2\/pages\/23\/revisions\/10756"}],"wp:attachment":[{"href":"https:\/\/lgviersen.de\/index.php?rest_route=%2Fwp%2Fv2%2Fmedia&parent=23"}],"curies":[{"name":"wp","href":"https:\/\/api.w.org\/{rel}","templated":true}]}}