{"id":219,"date":"2018-12-28T08:59:11","date_gmt":"2018-12-28T08:59:11","guid":{"rendered":"http:\/\/lgv.simone-stockmar.de\/?page_id=219"},"modified":"2018-12-28T09:01:39","modified_gmt":"2018-12-28T09:01:39","slug":"lgv-team-shop","status":"publish","type":"page","link":"https:\/\/lgviersen.de\/?page_id=219","title":{"rendered":"LGV Team Shop"},"content":{"rendered":"\n<h3 class=\"wp-block-heading\">LGV Team Bekleidung<\/h3>\n\n\n\n<p>Die LGV Team-Bekleidung ist bei Sport Pergens, Hormesfeld 14, 41748 Viersen erh\u00e4ltlich.  Hier finden die Mitglieder eine gesonderte &#8222;LGV-Wand&#8220; mit einer  umfangreichen Kollektion und entsprechender Gr\u00f6\u00dfenauswahl von  LGV-Bekleidung.<\/p>\n\n\n\n<p>Einzige Ausnahme gilt&nbsp;f\u00fcr das \nTeam-Trikot der Leichtathleten! Diese Trikots k\u00f6nnen ausschlie\u00dflich bei \nIris Schulz &#8211; 02162\/25626 oder per <a href=\"mailto:iris.schulz@lg-viersen.de\">Mail<\/a> &#8211; bestellt werden.<\/p>\n\n\n\n<p><br><\/p>\n","protected":false},"excerpt":{"rendered":"<p>LGV Team Bekleidung Die LGV Team-Bekleidung ist bei Sport Pergens, Hormesfeld 14, 41748 Viersen erh\u00e4ltlich. Hier finden die Mitglieder eine gesonderte &#8222;LGV-Wand&#8220; mit einer umfangreichen Kollektion und entsprechender Gr\u00f6\u00dfenauswahl von LGV-Bekleidung. Einzige Ausnahme gilt&nbsp;f\u00fcr das Team-Trikot der Leichtathleten! Diese Trikots k\u00f6nnen ausschlie\u00dflich bei Iris Schulz &#8211; 02162\/25626 oder per Mail &#8211; bestellt werden.<\/p>\n","protected":false},"author":1,"featured_media":0,"parent":0,"menu_order":0,"comment_status":"closed","ping_status":"closed","template":"","meta":{"footnotes":""},"class_list":["post-219","page","type-page","status-publish","hentry"],"_links":{"self":[{"href":"https:\/\/lgviersen.de\/index.php?rest_route=\/wp\/v2\/pages\/219","targetHints":{"allow":["GET"]}}],"collection":[{"href":"https:\/\/lgviersen.de\/index.php?rest_route=\/wp\/v2\/pages"}],"about":[{"href":"https:\/\/lgviersen.de\/index.php?rest_route=\/wp\/v2\/types\/page"}],"author":[{"embeddable":true,"href":"https:\/\/lgviersen.de\/index.php?rest_route=\/wp\/v2\/users\/1"}],"replies":[{"embeddable":true,"href":"https:\/\/lgviersen.de\/index.php?rest_route=%2Fwp%2Fv2%2Fcomments&post=219"}],"version-history":[{"count":3,"href":"https:\/\/lgviersen.de\/index.php?rest_route=\/wp\/v2\/pages\/219\/revisions"}],"predecessor-version":[{"id":223,"href":"https:\/\/lgviersen.de\/index.php?rest_route=\/wp\/v2\/pages\/219\/revisions\/223"}],"wp:attachment":[{"href":"https:\/\/lgviersen.de\/index.php?rest_route=%2Fwp%2Fv2%2Fmedia&parent=219"}],"curies":[{"name":"wp","href":"https:\/\/api.w.org\/{rel}","templated":true}]}}