{"id":21,"date":"2018-12-26T15:21:15","date_gmt":"2018-12-26T15:21:15","guid":{"rendered":"http:\/\/lgv.simone-stockmar.de\/?page_id=21"},"modified":"2024-07-04T13:42:52","modified_gmt":"2024-07-04T11:42:52","slug":"der-verein","status":"publish","type":"page","link":"https:\/\/lgviersen.de\/?page_id=21","title":{"rendered":"Der Verein"},"content":{"rendered":"\n<p>Die LG Viersen 1947 e.V. blickt auf eine \u00fcber 70-j\u00e4hrige Vereinsgeschichte zur\u00fcck! <br> <br>Das 60j\u00e4hrige Jubil\u00e4um feierten wir am 2. Juni 2007 in unserem Vereinslokal &#8220; Kaiserm\u00fchle&#8220; mit vielen ehemaligen und heutigen Mitgliedern, Sponsoren und G\u00f6nnern unseres Vereins. <br> <br>\u00dcber 750 Mitglieder trainieren derzeit in unseren verschiedenen Gruppen, Leichtathletik, Volleyball und Freizeitsport. <\/p>\n\n\n\n<p>Mit dem Start der Umbauma\u00dfnahmen am Hohen Busch im September 2018 geht f\u00fcr uns ein lang ersehnter Traum in Erf\u00fcllung &#8211; die Sanierung der Laufbahn und der leichtathletischen Nebenanlagen. <br> <br>Wer etwas mehr von der Geschichte der LGV kennenlernen m\u00f6chte, empfehlen wir die Rubrik <a href=\"http:\/\/lgviersen.de\/?page_id=55\">Historie<\/a>.<\/p>\n\n\n\n<p><\/p>\n\n\n\n<p><\/p>\n\n\n\n<p><\/p>\n\n\n\n<p><\/p>\n","protected":false},"excerpt":{"rendered":"<p>Die LG Viersen 1947 e.V. blickt auf eine \u00fcber 70-j\u00e4hrige Vereinsgeschichte zur\u00fcck! Das 60j\u00e4hrige Jubil\u00e4um feierten wir am 2. Juni 2007 in unserem Vereinslokal &#8220; Kaiserm\u00fchle&#8220; mit vielen ehemaligen und heutigen Mitgliedern, Sponsoren und G\u00f6nnern unseres Vereins. \u00dcber 750 Mitglieder trainieren derzeit in unseren verschiedenen Gruppen, Leichtathletik, Volleyball und Freizeitsport. Mit dem Start der Umbauma\u00dfnahmen am Hohen Busch im September 2018 geht f\u00fcr uns ein lang ersehnter Traum in Erf\u00fcllung &#8211; die Sanierung der Laufbahn und der leichtathletischen Nebenanlagen. Wer&#8230;<\/p>\n<p class=\"read-more\"><a class=\"btn btn-default\" href=\"https:\/\/lgviersen.de\/?page_id=21\">Weiterlesen<span class=\"screen-reader-text\"> Weiterlesen<\/span><\/a><\/p>\n","protected":false},"author":1,"featured_media":0,"parent":0,"menu_order":0,"comment_status":"closed","ping_status":"closed","template":"","meta":{"footnotes":""},"class_list":["post-21","page","type-page","status-publish","hentry"],"_links":{"self":[{"href":"https:\/\/lgviersen.de\/index.php?rest_route=\/wp\/v2\/pages\/21","targetHints":{"allow":["GET"]}}],"collection":[{"href":"https:\/\/lgviersen.de\/index.php?rest_route=\/wp\/v2\/pages"}],"about":[{"href":"https:\/\/lgviersen.de\/index.php?rest_route=\/wp\/v2\/types\/page"}],"author":[{"embeddable":true,"href":"https:\/\/lgviersen.de\/index.php?rest_route=\/wp\/v2\/users\/1"}],"replies":[{"embeddable":true,"href":"https:\/\/lgviersen.de\/index.php?rest_route=%2Fwp%2Fv2%2Fcomments&post=21"}],"version-history":[{"count":12,"href":"https:\/\/lgviersen.de\/index.php?rest_route=\/wp\/v2\/pages\/21\/revisions"}],"predecessor-version":[{"id":10914,"href":"https:\/\/lgviersen.de\/index.php?rest_route=\/wp\/v2\/pages\/21\/revisions\/10914"}],"wp:attachment":[{"href":"https:\/\/lgviersen.de\/index.php?rest_route=%2Fwp%2Fv2%2Fmedia&parent=21"}],"curies":[{"name":"wp","href":"https:\/\/api.w.org\/{rel}","templated":true}]}}