{"id":192,"date":"2018-12-26T22:02:52","date_gmt":"2018-12-26T22:02:52","guid":{"rendered":"http:\/\/lgv.simone-stockmar.de\/?page_id=192"},"modified":"2019-03-25T22:12:14","modified_gmt":"2019-03-25T22:12:14","slug":"trainingszeiten-5","status":"publish","type":"page","link":"https:\/\/lgviersen.de\/?page_id=192","title":{"rendered":"Trainingszeiten"},"content":{"rendered":"\n<h4 class=\"wp-block-heading\">Nordic Walking, ein gelenkschonendes Ganzk\u00f6rpertraining f\u00fcr jedes Alter und zu jeder Jahreszeit<\/h4>\n\n\n\n<h4 class=\"wp-block-heading\"> Anf\u00e4ngerkurse werden derzeit nicht regelm\u00e4\u00dfig geplant und \nangeboten. Neue Kurstermine werden jeweils zeitnah in der Viersener \nPresse ausgeschrieben. Treffpunkt ist der Parkplatz Stadion &#8222;Hoher \nBusch&#8220; <\/h4>\n\n\n\n<p><strong>Montag: 18:00 Uhr &#8211; 19:30 Uhr<br>Mittwoch: 18:00 Uhr &#8211; 19:30 Uhr<\/strong><br><\/p>\n","protected":false},"excerpt":{"rendered":"<p>Nordic Walking, ein gelenkschonendes Ganzk\u00f6rpertraining f\u00fcr jedes Alter und zu jeder Jahreszeit Anf\u00e4ngerkurse werden derzeit nicht regelm\u00e4\u00dfig geplant und angeboten. Neue Kurstermine werden jeweils zeitnah in der Viersener Presse ausgeschrieben. Treffpunkt ist der Parkplatz Stadion &#8222;Hoher Busch&#8220; Montag: 18:00 Uhr &#8211; 19:30 UhrMittwoch: 18:00 Uhr &#8211; 19:30 Uhr<\/p>\n","protected":false},"author":1,"featured_media":0,"parent":0,"menu_order":0,"comment_status":"closed","ping_status":"closed","template":"","meta":{"footnotes":""},"class_list":["post-192","page","type-page","status-publish","hentry"],"_links":{"self":[{"href":"https:\/\/lgviersen.de\/index.php?rest_route=\/wp\/v2\/pages\/192","targetHints":{"allow":["GET"]}}],"collection":[{"href":"https:\/\/lgviersen.de\/index.php?rest_route=\/wp\/v2\/pages"}],"about":[{"href":"https:\/\/lgviersen.de\/index.php?rest_route=\/wp\/v2\/types\/page"}],"author":[{"embeddable":true,"href":"https:\/\/lgviersen.de\/index.php?rest_route=\/wp\/v2\/users\/1"}],"replies":[{"embeddable":true,"href":"https:\/\/lgviersen.de\/index.php?rest_route=%2Fwp%2Fv2%2Fcomments&post=192"}],"version-history":[{"count":4,"href":"https:\/\/lgviersen.de\/index.php?rest_route=\/wp\/v2\/pages\/192\/revisions"}],"predecessor-version":[{"id":655,"href":"https:\/\/lgviersen.de\/index.php?rest_route=\/wp\/v2\/pages\/192\/revisions\/655"}],"wp:attachment":[{"href":"https:\/\/lgviersen.de\/index.php?rest_route=%2Fwp%2Fv2%2Fmedia&parent=192"}],"curies":[{"name":"wp","href":"https:\/\/api.w.org\/{rel}","templated":true}]}}